.
2, 229
Suppose -21140 - 86638 = -6*a. What are the prime factors of a?
11, 23, 71
Let l = 1711 + -1181. Suppose -l = -6*y + 1450. What are the prime factors of y?
2, 3, 5, 11
Suppose -3*n + 30 - 12 = 0. Suppose -n*y = 46 - 4. List the prime factors of (-2)/y + -3*1668/(-28).
179
Suppose -36*b + 34*b - 4*q = -18264, -q - 27354 = -3*b. What are the prime factors of b?
2, 3, 5, 19
Let c be (-16 + 21)*(-6)/10. List the prime factors of ((-53)/c)/(12/(-18))*-10.
5, 53
Let x = -14740 + 16192. What are the prime factors of x?
2, 3, 11
Suppose 411 = 3*p + 2*f, 5*p = -4*f + 741 - 58. Let w = 440 + p. List the prime factors of w.
3, 193
Suppose j + 322 = -6*j. Let i = j - -46. Suppose 0 = 2*a - 3*c - 587, -2*a + 2*c = -i*a - 588. List the prime factors of a.
5, 59
Suppose -313334 = -53*u + 106744. List the prime factors of u.
2, 3, 1321
Let w(o) = 13*o**2 + 13. Let x(v) = -27*v + 154. Let p be x(6). What are the prime factors of w(p)?
5, 13
Suppose -2*i = -32*w + 31*w - 21827, -3*w = 5*i - 54573. List the prime factors of i.
2, 3, 17, 107
Suppose -14*l + 106124 + 46602 = -17976. List the prime factors of l.
89, 137
Let l be 3*(-4)/(-6)*(-9 - 0). List the prime factors of -3*(-2)/(-27) + (-17950)/l.
997
What are the prime factors of 12/5*5/2*(11 + 506)?
2, 3, 11, 47
Suppose 3*j - 14274 = 3*i, 4*j = 3*i - j + 14274. What are the prime factors of (i/(-130))/((-1)/(-5))?
3, 61
Suppose -15*n = -11*n - 3*u - 12, -5*n - 4*u + 15 = 0. Suppose 713 + 2353 = n*k. List the prime factors of k.
2, 7, 73
Suppose 10 = 5*q, -x - 4*x - 3*q + 31 = 0. Suppose 1025 = 3*g - 2*m, -g - x*m + 322 = -14. List the prime factors of g.
11, 31
Suppose -3*b - j = -4 - 24, 2*b + 3*j = 28. List the prime factors of 13230/40 + 2/b.
331
Let p(w) = w**2 - 27*w - 9. Let o be p(31). Suppose 0 = 2*g - 16*t + 14*t - 34, 5*g + 5*t - o = 0. What are the prime factors of g?
2, 5
Let j = -9858 - -11664. List the prime factors of j.
2, 3, 7, 43
Suppose 3*i = 27, -3*i - 159653 = -4*t + 179496. What are the prime factors of t?
2, 42397
Suppose -4*t - 17898 = -65830. Suppose 563 = 9*f - t. What are the prime factors of f?
2, 17, 41
Suppose 4*d - p = 16, 2*d - 2*p + 4 = 12. Suppose -d*b + 449 - 121 = 0. Suppose 6*v + b = 928. What are the prime factors of v?
3, 47
Let u = 2 - 4. Let b(v) = -18*v + 2 - 12*v - 13*v + 31*v**2 + 4 + 45*v. What are the prime factors of b(u)?
2, 3, 7
Suppose 4*u + 0*u + 4*i = -20, i - 27 = 3*u. What are the prime factors of -244*u/56 + 2/14?
5, 7
Let y(w) = -9*w**2 - 23*w + 23. Let o(n) = -n**2 - 2*n - 1. Let s(k) = 4*o(k) - y(k). List the prime factors of s(8).
7, 59
Suppose -2*t + 12*t = 0. What are the prime factors of (795/(-10)*-4)/(1 - t)?
2, 3, 53
What are the prime factors of ((-123)/4 - -7)/(-6 - 30954/(-5160))?
5, 19, 43
Suppose 5*h + w + 2*w = -11, 0 = 3*h + 2*w + 7. Let l be ((-1)/h - (-18)/(-6)) + 82. Let p = l - 19. What are the prime factors of p?
61
Suppose -9*m + 20*m - 37977 - 32940 = 0. List the prime factors of m.
3, 7, 307
Suppose 5*u + 32 = -43. List the prime factors of ((-389)/2)/(u/30).
389
Let m be (-7 + 5)/(4/(-6)). Let z be ((-4)/(-10))/((-20)/(-4600)). Suppose -d = -m*d + z. List the prime factors of d.
2, 23
Suppose -5*q + 14*q + 9 = 0. Let i(t) = -106*t**3 - 2*t**2 + 9*t + 9. What are the prime factors of i(q)?
2, 13
Suppose 4*z + 5*q + 12874 = 81880, 51861 = 3*z - 14*q. What are the prime factors of z?
3, 11, 523
Suppose 2*n = -p + 38348, n + 16*p = 12*p + 19195. List the prime factors of n.
19, 1009
What are the prime factors of (-3762)/(-5)*212/12 + 2/(-5)?
2, 3323
Suppose 761 + 579 = 5*z. Let l = z - -878. List the prime factors of l.
2, 3, 191
Let b = -6261 + 7129. List the prime factors of b.
2, 7, 31
Suppose -5*p + 3 + 4 = -s, 4*p = -s + 2. Suppose -4*v - 75 = -9*v. Let x = v - s. List the prime factors of x.
17
Suppose 11 = 2*i + 1. Let d(y) = 6*y**2 - y + 31. Let j(w) = -w**2 - 1. Let q(v) = i*j(v) + d(v). List the prime factors of q(0).
2, 13
Let o(s) = -1235*s + 170. What are the prime factors of o(-7)?
5, 41, 43
Let f = 168 + -370. Let r(b) = -25*b + 11. Let i be r(-13). Let a = f + i. List the prime factors of a.
2, 67
Suppose -13*q = -19 - 7. Suppose -q*x = -4*t - 668, 4*x - 1640 = -x - 5*t. List the prime factors of x.
2, 3, 5, 11
What are the prime factors of (-78634)/12*(-30)/40 - 45/(-120)?
5, 983
Let r = 32 + -87. Let i = 279 + r. List the prime factors of i.
2, 7
Let b(t) = -t**2 - 161*t + 250. What are the prime factors of b(-54)?
2, 11, 137
Suppose 5*d - 108 = 5*v + 17, 0 = 4*v - 20. What are the prime factors of 6/(-27)*-4821 - d/(-45)?
2, 67
Let z = 16 - 63. Suppose 5*o = -3*g - 438, 5*o = 2*g - 3*g - 426. Let t = z - o. What are the prime factors of t?
37
Let x be (-3)/6*(3 - 7). Let b be -3 + x + (224 + -1 - -1). Suppose 4*h = -3*u + 894, 3*u = -h + 2*u + b. List the prime factors of h.
3, 5
Suppose 8*c - 828 = -4*c. Let w = 71 - c. List the prime factors of w/(-1 - -2) + 181.
3, 61
Suppose 0 = 2*s - 22 - 28. Let q = s + -16. Let t = q + 112. What are the prime factors of t?
11
Suppose 195*m = 182*m + 150722. What are the prime factors of m?
2, 11, 17, 31
Suppose 10*y = 27*y + 1360. List the prime factors of y/(-3)*(-30)/(-8).
2, 5
Let i(f) = 39*f**2 - 89*f + 1822. List the prime factors of i(18).
2, 1607
Let o(j) = -3*j**3 - 16*j**2 + 23*j - 3. Let p(i) = -7*i**3 - 31*i**2 + 45*i - 7. Let b(c) = 5*o(c) - 2*p(c). What are the prime factors of b(-20)?
13, 23
Suppose 4*q = -2*n + 2166, 3*n + q - 3254 = -0*q. Suppose 4*c + 3*v - n = 3*c, 3*c = v + 3265. List the prime factors of c.
2, 17
Suppose 23*o - 52 = 10*o. Suppose -2*v = o*d - 817 - 2145, -d + 4*v + 736 = 0. What are the prime factors of d?
2, 5, 37
Let d = 385 + -233. Suppose -d = -2*h + f + 8, 0 = 3*f. Suppose u + 5*j - 311 = -3*u, u - h = j. What are the prime factors of u?
79
Let d(i) = 5*i**3 - 37*i**2 + 488*i - 8. What are the prime factors of d(11)?
2, 3769
Let i = -1137 + 2341. List the prime factors of 7/(-21) + i/12.
2, 5
Let k(r) = -r**3 + 3*r**2 - 8*r - 2. Let o be k(-5). Suppose 169 = 5*l + z, 3*z + 29 = l + 8*z. Suppose o = 36*w - l*w. List the prime factors of w.
7, 17
Let b(q) = -3*q**2 - 15*q + 4. Let y be b(-5). Suppose -1087 = -2*c - 5*s, -c + y*s + 548 = 24. List the prime factors of c.
2, 67
Suppose -4*x + 2 = -122. Let p(m) = 25*m + 31. What are the prime factors of p(x)?
2, 13, 31
Let r(w) = -w**3 - 6*w**2 - 7*w + 5. Let l be r(-6). Suppose -10*d - 14 = -17*d. Let m = l - d. What are the prime factors of m?
3, 5
Let n = 628 + -1462. Let p = -184 - n. List the prime factors of p.
2, 5, 13
Suppose -6*x + 1373 = 515. Suppose -2*r + 3*r + x = v, 3*r + 5*v + 405 = 0. Let h = 266 + r. What are the prime factors of h?
2, 3, 7
Suppose 5*r + 5*c = 88450, -2*r + 4*c - 5928 = -41284. List the prime factors of r.
2, 37, 239
Suppose 344*v = 331*v + 13. List the prime factors of (-2813 + 1 + 2)*v/(-2).
5, 281
Let h(w) be the first derivative of 8*w**2 - 40*w - 47. What are the prime factors of h(15)?
2, 5
Suppose 0 = -13*j + 56*j - 817. Suppose -j*a = -357 - 3861. List the prime factors of a.
2, 3, 37
Let c = -75640 - -144410. What are the prime factors of c?
2, 5, 13, 23
Let a(n) = -10*n - 3. Let t(c) = -21*c - 5. Let p(f) = 5*a(f) - 2*t(f). Let i be p(14). Let w = -7 - i. What are the prime factors of w?
2, 5, 11
Suppose 2*y = 2*c + 163618, 2*y - 163594 = -122*c + 120*c. What are the prime factors of y?
179, 457
Suppose 4*m + g - 22151 = 0, 232*m - 5*g = 234*m - 11089. List the prime factors of m.
7, 113
Suppose -21 = 3*i, 2*i + 12413 = -14*v + 17*v. What are the prime factors of v?
4133
Let j(q) = -26*q**3 + 19*q**2 + 22*q + 64. What are the prime factors of j(-6)?
2, 19, 41
Suppose 3*i = -5*q + 102186, -2*q - 28490 = -i - 69360. List the prime factors of q.
2, 3, 13, 131
Suppose -10*f + 84 + 126 = 0. Suppose -f*n + 5*n = -2912. List the prime factors of n.
2, 7, 13
Let t be (-10)/(-3)*(-5544)/(-40). Let h = t + -319. List the prime factors of h.
11, 13
Suppose 7398 = 5*l - 617. Suppose 35*p - 1477 = l. List the prime factors of p.
2, 11
Let s(k) = k**3 + 16*k**2 + 13*k - 20. Let b be s(-15). Suppose -b*c + 983 = -697. List the prime factors of c.
2, 3, 7
Let p = 72 - 66. Suppose -3*w - 9 - p = 0. Let r(n) = -2*n**3 - 2*n**2 + 8*n - 7. What are 